
What is -212021011100122 (base 3) in base 2?
-101111001010100101000100
-13315 (base 15) to base 7
-344066
1110001010100111010110 (base 2) to base 7
43364341
Convert -3018200 (base 12) to base 16.
-893820
39600 (base 11) to base 5
3303003
What is 2467297 (base 13) in base 12?
3962491
Convert 879a9a (base 12) to base 9.
4041221
What is -500010 (base 7) in base 5?
-10142132
What is 141300 (base 7) in base 2?
110100100010101
Convert 400413013 (base 6) to base 10.
6751521
-526cd (base 16) to base 5
-41300423
-c87c88 (base 14) to base 4
-121313332300
What is 5404844 (base 11) in base 14?
13971db
What is -26805 (base 16) in base 7?
-1224525
Convert -1001100011101100010 (base 2) to base 5.
-40010221
What is -353465 (base 8) in base 6?
-2330245
Convert -252330001 (base 6) to base 15.
-665b61
-12934 (base 16) to base 2
-10010100100110100
What is -730601 (base 9) in base 6?
-13143001
What is 816301 (base 9) in base 5?
110433241
What is -1dc18 (base 15) in base 6?
-2030035
-2d2a6 (base 16) to base 7
-1400232
Convert 10010000000001101010 (base 2) to base 6.
20351054
What is 6871 (base 9) in base 3?
20222101
Convert -2312122 (base 4) to base 15.
-36d4
What is -4415a6 (base 11) in base 12?
-29ba70
Convert 12432 (base 15) to base 3.
2222000002
151114532 (base 7) to base 11
5724a32
Convert 1975301 (base 11) to base 16.
32d1de
Convert -131310311 (base 4) to base 3.
-20012120122
-cd0bc7 (base 15) to base 16
-9520e7
135ab (base 14) to base 11
32996
Convert -1020021102011 (base 3) to base 7.
-5365312
What is 1001100001110010001 (base 2) in base 10?
312209
Convert 10364a (base 12) to base 15.
5080d
109343 (base 13) to base 2
1011111100111001100
Convert -1034342241 (base 5) to base 10.
-2262196
What is 590903 (base 13) in base 15?
2bba28
What is -206350 (base 13) in base 7?
-6300034
22012020021 (base 3) to base 2
100111010111111110
What is 5906c (base 14) in base 4?
310330220
Convert -37520 (base 10) to base 6.
-445412
-15f4f7 (base 16) to base 15
-1d6562
Convert -2630512 (base 10) to base 9.
-4848341
What is -3054106 (base 7) in base 6?
-11504111
31911 (base 14) to base 3
20002021222
Convert -21057a9 (base 11) to base 7.
-43356362
What is 225a63 (base 12) in base 5?
120034131
What is -167359 (base 14) in base 11?
-499201
What is 18738 (base 14) in base 4?
33011132
Convert -225104 (base 7) to base 4.
-21303320
221110000101 (base 3) to base 16
7a461
What is 17332110 (base 8) in base 13?
ab7813
11020022120201 (base 3) to base 7
25061053
Convert 1125464 (base 8) to base 14.
7d712
What is 21aa4 (base 15) in base 5?
11411104
12201120102112 (base 3) to base 16
2e6c7c
Convert -100202220020 (base 3) to base 9.
-322806
Convert -3541005 (base 9) to base 10.
-1916546
60001553 (base 7) to base 14
928d9a
Convert -22114878 (base 9) to base 5.
-10214314230
-43432 (base 5) to base 8
-5660
What is 134614 (base 10) in base 3?
20211122201
What is 427697 (base 10) in base 15?
86ad2
Convert 132211232 (base 4) to base 13.
45050
11575772 (base 8) to base 6
130432042
What is 1424303323 (base 5) in base 2?
1110010010000111010101
200011020021012 (base 3) to base 15
ca9078
What is 39ba7 (base 13) in base 5?
11414302
What is 748051 (base 16) in base 8?
35100121
Convert 3157607 (base 8) to base 2.
11001101111110000111
What is -200201220202 (base 3) in base 15?
-74428
10110111011100100011 (base 2) to base 8
2673443
What is -214656 (base 9) in base 14?
-3498c
Convert -20001020331 (base 4) to base 2.
-1000000001001000111101
What is -18bc0 (base 14) in base 7?
-350530
What is 111001101001011 (base 2) in base 5?
1421030
Convert -4300113 (base 5) to base 15.
-1648d
121234121 (base 5) to base 12
236649
What is -ca13 (base 14) in base 5?
-2104110
What is -1463727 (base 9) in base 11?
-503446
-1040340321 (base 5) to base 7
-25234123
What is -24341200 (base 5) in base 7?
-1650613
-46226425 (base 8) to base 7
-151216623
413021233 (base 5) to base 11
a53a23
What is -2311004 (base 6) in base 13?
-41a1c
What is 551c (base 16) in base 2?
101010100011100
Convert 100001000001000011100 (base 2) to base 16.
10821c
Convert -101001001011100110010000 (base 2) to base 16.
-a4b990
What is -44135 (base 7) in base 13?
-5051
Convert -113e50 (base 15) to base 16.
-c9036
Convert -208617 (base 9) to base 15.
-26d07
Convert 115521 (base 7) to base 12.
10313
Convert 42182 (base 12) to base 14.
2380a
What is -10030324 (base 6) in base 13?
-9c322
-1114660 (base 7) to base 3
-21001002001
What is -430858 (base 9) in base 15?
-51055
Convert -4b86c9 (base 14) to base 15.
-364802
Convert 5184 (base 16) to base 3.
1001121220
What is 54318 (base 10) in base 16?
d42e
101101111001010011011 (base 2) to base 14
2b20d5
What is -14079 (base 16) in base 9?
-134476
11100101011000010 (base 2) to base 13
415c0
22221210111 (base 3) to base 16
2b08d
-1552655 (base 8) to base 10
-447917
What is -105176 (base 14) in base 6?
-15454500
-542748 (base 12) to base 4
-11011012220
What is -470609 (base 16) in base 7?
-54364160
What is -24501 (base 16) in base 10?
-148737
Convert 100110111 (base 4) to base 10.
66837
What is -38012 (base 15) in base 14?
-492a0
What is -129957 (base 11) in base 16?
-31ac7
What is 246567 (base 10) in base 12?
ba833
-103111303 (base 4) to base 7
-446650
Convert -4112022 (base 5) to base 10.
-66512
10000100100111111100010 (base 2) to base 13
b920c4
What is -3e8ca (base 15) in base 9?
-335781
What is 1223647 (base 9) in base 14?
1346ad
What is -6568c2 (base 16) in base 13?
-14b9023
What is -1e9d3 (base 16) in base 8?
-364723
What is -128554a (base 12) in base 5?
-1414041304
What is 4442756 (base 8) in base 11?
748812
113102113 (base 4) to base 12
47247
541301 (base 7) to base 15
1cd55
What is 229a94 (base 12) in base 4?
2013303100
1161326 (base 7) to base 5
14234442
What is -6031165 (base 9) in base 16?
-30f7ee
What is -5027272 (base 11) in base 9?
-17660010
Convert -520234 (base 6) to base 5.
-2312231
What is -1a16790 (base 11) in base 9?
-6360588
-31633d (base 16) to base 7
-36340232
Convert 1533403 (base 6) to base 5.
10341334
-1111100010101011011 (base 2) to base 4
-1330111123
120345 (base 9) to base 2
10001101100000111
-1aaa231 (base 11) to base 8
-15406063
Convert 1362130 (base 7) to base 2.
101100101111000000
Convert 17b6b00 (base 14) to base 12.
3b1b464
Convert -11010001101000111000 (base 2) to base 6.
-30223212
682988 (base 11) to base 9
2036420
What is -12031133 (base 4) in base 10?
-25439
What is -11173c (base 15) in base 3?
-1112101222110
What is 204401444 (base 5) in base 12?
3537ab
-2001210030 (base 4) to base 13
-157731
-221221323 (base 4) to base 8
-515173
What is 80914 (base 14) in base 7?
2425124
Convert 110011110001101110001 (base 2) to base 7.
20264300
360793 (base 13) to base 2
100111010000110010100
Convert -4213504 (base 6) to base 11.
-12a551
Convert -11111011110111001 (base 2) to base 6.
-2433001
-7420364 (base 10) to base 7
-120033500
What is 10101001011100110 (base 2) in base 10?
86758
What is 240423 (base 8) in base 10?
82195
Convert -128ab9 (base 14) to base 12.
-269777
What is -151272 (base 8) in base 11?
-37592
What is -79195 (base 12) in base 4?
-213103001
Convert -1000000101011001110 (base 2) to base 13.
-93769
What is 1000000000011100 (base 2) in base 10?
32796
2d870 (base 15) to base 10
147030
What is -122300124 (base 5) in base 16?
-8f713
Convert 211101000 (base 4) to base 11.
a4754
Convert -8da4b4 (base 15) to base 16.
-674548
33125531 (base 6) to base 4
3302002333
What is -213111220 (base 4) in base 16?
-27568
Convert 1186789 (base 10) to base 11.
74071a
Convert -45510413 (base 6) to base 5.
-324041403
What is 1107414 (base 8) in base 4?
1020330030
Convert -1000000011010001110 (base 2) to base 10.
-263822
What is -4620218 (base 10) in base 2?
-10001100111111110111010
176354 (base 9) to base 4
122301022
Convert -33352 (base 8) to base 14.
-51a2
Convert -122211212020200 (base 3) to base 13.
-1c71018
Convert 5424b (base 15) to base 11.
172790
What is 210000520 (base 6) in base 4?
31320201000
-69c13 (base 14) to base 5
-31220221
Convert 12545154 (base 7) to base 6.
40423523
Convert -132212302201 (base 4) to base 3.
-120002121202121
Convert 41444103 (base 5) to base 14.
8d349
Convert -1b989 (base 15) to base 16.
-15f30
What is 12512006 (base 9) in base 2?
10111011101010000000001
What is -308